k**2 + 3625*k + 831. Calculate q(-15).
6
Let q(f) = 3350*f + 26924. Calculate q(-8).
124
Let z(b) = -28*b + 497. Calculate z(35).
-483
Let c(b) = 57*b - 6760. Calculate c(124).
308
Let t(i) = -139*i**2 + 4690*i + 11301. What is t(36)?
-3
Let s(p) = 3909*p + 301023. What is s(-77)?
30
Let u(b) = 2085*b + 46976. Give u(-22).
1106
Let i(r) = 2*r**3 - 9*r**2 - 4*r - 53. Calculate i(6).
31
Let z(n) = 13383*n + 267517. Calculate z(-20).
-143
Let y(m) = 2129*m + 6340. What is y(-4)?
-2176
Let a(g) = -g**2 - 287*g - 18805. Calculate a(-98).
-283
Let d(q) = -21721*q - 13032602. Calculate d(-600).
-2
Let g(r) = 68*r - 4308. What is g(46)?
-1180
Let y(x) = -98*x**2 + 2043*x + 76. Determine y(21).
-239
Let l(k) = 309*k - 3151. Calculate l(10).
-61
Let s(u) = 104*u**2 + 1316*u + 3930. Give s(-3).
918
Let r(w) = -183*w - 44470. Determine r(-235).
-1465
Let n(j) = -181*j + 14182. Determine n(61).
3141
Let r(y) = -3*y**3 - 23*y**2 - 102*y + 60. Give r(-5).
370
Let x(i) = i**3 - 46*i**2 - 526*i + 1234. Determine x(2).
6
Let q(t) = 4*t**2 + 11118*t + 165872. Give q(-15).
2
Let s(i) = -2*i**2 - 37*i + 342. What is s(-13)?
485
Let j(w) = -624*w - 14226. Calculate j(-24).
750
Let s(g) = -32*g**3 + 125*g**2 + 20*g - 30. Give s(4).
2
Let g(v) = v**3 + 1953*v**2 + 9763*v + 210. What is g(-5)?
95
Let k(q) = 74*q**2 - 422*q - 5197. Determine k(-6).
-1
Let f(s) = -s**2 - 11400*s + 860618. Give f(75).
-7
Let u(r) = -337*r - 143558. Determine u(-426).
4
Let r(s) = 5481*s - 45217. Give r(8).
-1369
Let c(s) = -4*s**2 - 1879*s - 68362. Give c(-430).
8
Let z(i) = i**3 + 59*i**2 - 75*i - 4435. Give z(-59).
-10
Let c(b) = b**3 + 13*b**2 + 1700*b + 1689. Calculate c(-1).
1
Let v(s) = 7344*s + 66080. Give v(-9).
-16
Let f(o) = o**3 - 21*o**2 + 6*o + 52. Calculate f(-6).
-956
Let u(f) = 214*f - 3584. Determine u(27).
2194
Let j(r) = 14*r**2 + 586*r + 2332. Give j(-4).
212
Let w(x) = -32*x**3 - 4063*x**2 + 123*x - 382. Give w(-127).
126
Let v(g) = 989*g + 22322. What is v(-21)?
1553
Let h(l) = -l**3 - 229*l**2 - 676*l + 389. Calculate h(-226).
-63
Let o(b) = 6*b**2 + 122*b + 1648. What is o(-29)?
3156
Let y(i) = i**2 + 10284*i + 4677957. Calculate y(-477).
18
Let b(z) = 592799*z + 24897565. Give b(-42).
7
Let r(o) = 2*o**3 + 69*o**2 + 316*o + 7. Determine r(-5).
-98
Let r(d) = -7645*d - 106925. Determine r(-14).
105
Let l(p) = 56*p + 3215. Determine l(-61).
-201
Let l(q) = -1329*q - 70696. Calculate l(-54).
1070
Let v(j) = -2*j**2 - 63*j + 732. Give v(-30).
822
Let q(u) = -4559*u + 17695. Calculate q(4).
-541
Let t(f) = -69*f**2 - 1394*f - 4174. Give t(-3).
-613
Let m(r) = -42*r**2 - 44300*r - 122044. Determine m(-1052).
-12
Let f(q) = -46*q**2 - 8799*q + 6298. Give f(-192).
-38
Let n(v) = -v**3 + 2*v**2 + 96*v - 88. Give n(0).
-88
Let c(a) = 17*a**2 + 217*a - 1031. Calculate c(-22).
2423
Let w(a) = -15216*a - 1338991. Determine w(-88).
17
Let k(t) = -81516*t + 896666. Determine k(11).
-10
Let d(m) = -m**2 - 1564225*m + 12513869. Determine d(8).
5
Let p(t) = -9981*t - 54315. What is p(-5)?
-4410
Let l(w) = -107*w**2 - 2727*w - 2728. Determine l(-1).
-108
Let q(t) = -101*t - 2867. Give q(-26).
-241
Let n(d) = -d**3 - 86*d**2 + 1473*d - 4296. Calculate n(-101).
-54
Let o(q) = -219*q + 16821. Give o(56).
4557
Let n(o) = -2307*o - 53142. Determine n(-23).
-81
Let d(h) = h**2 + 1051*h + 258719. Determine d(-394).
-139
Let n(f) = f**3 + 12*f**2 - 3676*f - 29673. Calculate n(-8).
-9
Let k(o) = 2*o**3 + 70*o**2 - 58*o + 522. Give k(-36).
18
Let s(y) = 11301*y - 158431. What is s(14)?
-217
Let a(o) = -o**2 - 1056*o - 10458. Determine a(-10).
2
Let i(z) = 5*z**2 + 1700*z + 92451. Give i(-68).
-29
Let i(z) = -3*z**3 - 4*z**2 + 72*z + 385. What is i(-7)?
714
Let p(d) = -909*d + 112771. Give p(124).
55
Let f(k) = -k**3 - 141*k**2 - 262*k + 2205. Give f(-139).
-19
Let v(a) = a**3 + 236*a**2 - 728*a - 99. What is v(-239)?
2530
Let g(z) = -z**3 - 289*z**2 - 1979*z - 1110. Determine g(-282).
300
Let j(x) = 2*x**2 + 6467*x + 4527422. Determine j(-1025).
-3
Let f(g) = -g**2 - 4235*g + 149460. What is f(35)?
10
Let w(v) = -v**3 + 250*v**2 + 2056*v + 2127. What is w(258)?
63
Let h(v) = 50*v**2 - 2933*v - 1007. Give h(59).
-4
Let z(f) = f**2 + 4919*f - 78886. Determine z(16).
74
Let a(k) = -k**2 - 37*k + 301. Determine a(-17).
641
Let b(l) = -3*l**3 + 1410*l**2 - 16487*l - 464. Give b(458).
-6
Let i(w) = 2*w**3 - 969*w**2 - 2486*w + 24835. Calculate i(487).
-2
Let u(n) = n**3 + 148*n**2 - 366*n - 1966. Give u(5).
29
Let a(g) = 26*g + 109. Give a(54).
1513
Let h(q) = 5*q**3 + 53*q**2 + 22*q + 59. Give h(-10).
139
Let z(h) = 21388*h**2 + 128323*h - 21. Calculate z(-6).
9
Let m(k) = 4*k**2 + 2*k - 197. Calculate m(7).
13
Let x(z) = z**3 + 387*z**2 - 5635*z - 8286. Give x(-401).
135
Let g(n) = n**2 - 3685*n + 199640. What is g(55)?
-10
Let v(x) = -x**2 + 209739*x + 419484. Determine v(-2).
2
Let k(y) = y**3 - 25*y**2 - 40*y - 349. Calculate k(29).
1855
Let p(a) = -270*a + 40062. What is p(148)?
102
Let c(j) = 13554*j - 1816239. What is c(134)?
-3
Let s(g) = 63765*g + 2805634. Determine s(-44).
-26
Let z(r) = r**2 + 36562*r + 402013. Calculate z(-11).
-48
Let s(c) = -1737*c**3 + 12*c**2 - 8*c - 5. Give s(1).
-1738
Let f(w) = -w**3 - 14*w**2 - 9*w + 39. What is f(-14)?
165
Let d(o) = -2997*o - 232. What is d(-1)?
2765
Let o(m) = 3446*m**2 + 369*m + 361. Determine o(-1).
3438
Let j(h) = 534204*h - 5876236. What is j(11)?
8
Let w(z) = 13*z**3 + 727*z**2 - 61*z - 122. Determine w(-56).
158
Let d(s) = -37*s**2 - 3088*s + 1676. Calculate d(-84).
-4
Let v(o) = -o**2 + 155*o - 3010. Give v(21).
-196
Let y(k) = 9*k**2 + 126*k - 30. Calculate y(-17).
429
Let d(q) = -q**3 + 4381*q**2 + 70350*q - 26. Determine d(-16).
6
Let o(t) = t**3 - 27*t**2 - 140*t - 163. Give o(-2).
1
Let u(d) = 3443*d + 34386. Calculate u(-10).
-44
Let n(t) = 6*t**3 + 48*t**2 + 19*t - 107. Determine n(-6).
211
Let d(v) = 1010*v + 155546. What is d(-154)?
6
Let w(l) = 6*l**2 - 177*l + 1420. Determine w(7).
475
Let c(s) = -2034*s - 299007. Calculate c(-147).
-9
Let w(o) = 4*o**3 + 33*o**2 - 367*o - 2984. Give w(-9).
76
Let i(a) = -5512*a + 308680. Calculate i(56).
8
Let b(y) = -y**2 + 87*y - 1973. What is b(36)?
-137
Let a(t) = -3*t**2 + 2869*t + 608357. Determine a(1135).
-3
Let f(i) = -1800*i - 37708. Determine f(-21).
92
Let d(s) = 9*s**3 + 14*s**2 - 124*s + 2. What is d(3)?
-1
Let s(z) = -1150*z - 23077. Calculate s(-20).
-77
Let u(c) = c**3 - 16*c**2 + 17*c - 144. Give u(15).
-114
Let x(q) = -q**3 - 34*q**2 - 67*q - 1147. Calculate x(-33).
-25
Let x(f) = 521*f**2 - 18739*f + 34855. What is x(34)?
5
Let a(p) = 3673*p - 356199. What is a(97)?
82
Let x(o) = -3*o**3 - 13*o**2 + 267*o - 52. Give x(9).
-889
Let t(h) = h**2 + 46*h - 2333. Calculate t(-76).
-53
Let k(h) = 2*h**3 - 91*h**2 - 2943*h + 681. Give k(-22).
87
Let k(c) = 23*c - 1052. Determine k(-16).
-1420
Let n(l) = l**2 + 1906*l - 227. Calculate n(0).
-227
Let h(f) = 870*f + 37216. Calculate h(-43).
-194
Let n(u) = u**3 - 23*u**2 - 2519*u - 33. Determine n(63).
30
Let y(p) = -92*p**2 - 245*p + 1388. Give y(-6).
-454
Let v(q) = q**3 + 101*q**2 + 1030*q + 3610. What is v(-90)?
10
Let h(v) = 1795*v**2 + 1780*v - 12. Calculate h(-1).
3
Let b(k) = -9*k**3 - 4280*k**2 - 2390*k - 7139. Give b(-475).
-14
Let r(m) = -m**2 - 37*m + 4478. Determine r(50).
128
Let m(r) = r**3 + 11*r**2 + 4*r - 139. What is m(-10)?
-79
Let f(l) = 4*l**2 - 1098*l - 8456. Give f(282).
4
Let z(b) = b**3 - 38*b**2 + 212*b + 2040. What is z(28)?
136
Let a(o) = 1917*o - 35095. Determine a(18).
-589
Let j(a) = -5281*a**2 - 10568*a. Give j(-2).
12
Let j(b) = -5*b**3 - 3*b**2 - 348*b - 346. Calculate j(-1).
4
Let m(l) = 11*l**2 + 22*l + 297. Determine m(-9).
990
Let g(y) = -3*y**3 - 114*y**2 - 110*y + 18. Calculate g(-37).
-19
Let t(c) = 2*c**2 - 2289*c - 33. Calculate t(0).
-33
Let q(l) = 242*l + 8485. Determine q(-28).
1709
Let c(i) = -3*i**2 + 1176*i + 29719. What is c(-24)?
-233
Let s(t) = 621880*t - 4975033. Calculate s(8).
7
Let u(w) = w**3 + 61*w**2 - 1160*w + 96. Calculate u(15).
-204
Let x(a) = -a**2 - 135*a - 2706. Give x(-111).
-42
Let n(g) = -4*g**2 + 503*g + 13768. Give n(-23).
83
Let w(k) = -2*k**3 - 416*k**2 - 493*k - 16360. What is w(-207)?
-7
Let k(n) = 402*n - 22544. Determine k(56).
-32
Let u(a) = 5*a**